inder when x(16) is divided by p.
6
Let o = -4339 - -4403. What is the remainder when 437 is divided by o?
53
Suppose j + 1516 = 4*b, -13*b + 1130 = -10*b + j. Calculate the remainder when b is divided by 366.
12
Let s(g) = 4*g**2 - 6*g + 28. Let a be s(10). Suppose -10*p - a = -18*p. What is the remainder when p is divided by 10?
6
Let d(u) = -u**2 + 4*u + 3. Let q be d(4). Suppose q*k - m = 4*m + 100, -k = -5*m - 30. Let w = -492 + 503. Calculate the remainder when k is divided by w.
2
Let r = -99 - -32. Let u = r - -140. Suppose -23 - u = -4*b. What is the remainder when 45 is divided by b?
21
Let u(g) = 3*g**2 + 201*g + 1128. What is the remainder when 2007 is divided by u(-6)?
27
Let m(x) = 2*x**2 - 102*x + 690. Calculate the remainder when m(89) is divided by 113.
109
Let i = -2308 - -2327. What is the remainder when 5337 is divided by i?
17
Let f(o) = 24*o**2 - 1. Let r be f(1). Let b = r + -14. Let i = -2241 - -2293. What is the remainder when i is divided by b?
7
Suppose 4*b = 2*p + 378, -5*p - 567 = -2*p + 4*b. Suppose -36*g + 279 = -27*g. What is the remainder when g is divided by (-4)/3*p/14?
13
Let j(u) = u + 71. What is the remainder when 2183 is divided by j(-19)?
51
Let x(w) = -1105*w + 6755. What is the remainder when 4624 is divided by x(6)?
124
Suppose 76*a = 73*a + 123. What is the remainder when 320 is divided by a?
33
Suppose 4*s - 44*d - 1001 = -43*d, 5*d - 971 = -4*s. What is the remainder when s is divided by 212?
37
Let a(m) = 1 - 2*m + 96*m**2 - 100*m**2 - m**3 - 5. Let g be a(-4). Calculate the remainder when 4 - g - -37 - 4 is divided by 9.
6
Let t(i) be the third derivative of i**6/120 - i**5/4 + 5*i**4/12 + 61*i**3/6 + i**2 + 35. What is the remainder when 52 is divided by t(14)?
2
Let d(z) = 616*z - 2832. Calculate the remainder when d(5) is divided by 64.
56
What is the remainder when (10 - (-522)/(-45))*-1315 is divided by 62?
58
Let s(x) be the second derivative of x**3 - 9*x**2/2 - 7*x + 81. Suppose 6 = 2*z - 2. What is the remainder when 41 is divided by s(z)?
11
Suppose -5*u + 24 = u. Suppose -3*g + 245 = -u*q, -277 = -3*g - q - 3*q. Suppose g = 3*w - 60. What is the remainder when w is divided by 25?
24
Let x(f) be the second derivative of f**5/10 - 19*f**4/4 + 14*f**3/3 + 9*f**2 - 14*f. Calculate the remainder when 66 is divided by x(28).
12
Let z = 841 - 354. Calculate the remainder when z is divided by 19.
12
Suppose n + 40 = 5*k + 2*n, 2*n = 5*k - 25. Suppose k*l = 10*l + 51. Let w(f) = f**2 + 16*f + 10. What is the remainder when w(l) is divided by 6?
3
Suppose -12*j + 16*j + 248 = 0. Let r = 11 + j. Let v = -22 - r. What is the remainder when 84 is divided by v?
26
Suppose 0 = -18*h + 19*h - 4*g - 60, 2*h - 3*g = 95. What is the remainder when 4/6*-3 - -200 is divided by h?
38
Let w = -14 - -98. Let r = 88 - w. Calculate the remainder when 21*3 + (-16)/r + 4 is divided by 22.
19
Suppose 0 = -12*g + 3*g + 162. Suppose -40 = 14*i - g*i. Suppose -4*b - 13 + i = 5*l, 0 = 5*b + 5*l. What is the remainder when 9 is divided by b?
0
Let j(n) = n - 6. Let c(y) = -y + 7. Let z(r) = 3*c(r) + 2*j(r). Let i be z(6). Suppose -8*d + i*d = -120. Calculate the remainder when 90 is divided by d.
18
Suppose 1147*c + 388 - 1837 = 1078*c. Calculate the remainder when 334 is divided by c.
19
Suppose -2*s = 5*w + 115, -w - 65 = 2*s - 6*w. Let g = s + 49. Suppose 0 = -2*a, -4*a - a + 360 = g*h. What is the remainder when h is divided by 23?
21
Let x be 0 - (-2)/2*-1. Let a = x + 5. What is the remainder when 117 is divided by (130/(-13))/((-1)/a)?
37
Suppose -5*x + 1 = 11. Let b(w) = -10*w - 74 + 5*w + 71 - 9*w. What is the remainder when 95 is divided by b(x)?
20
Suppose 3*q + 1422 = 5*o, 10*o = q + 6*o + 481. Let n = q - -511. Calculate the remainder when n is divided by 44/8*(3 + -1).
9
Let l(r) = 1. Let k(m) = m**2 + 4*m - 7. Let i(j) = k(j) + 4*l(j). What is the remainder when 64 is divided by i(-6)?
1
Suppose 6012 = 3*o + 5*b + 2117, 3*o - 3903 = 3*b. What is the remainder when o is divided by 6?
4
Suppose 87*g - 91*g - 60 = 0. Let k(c) be the third derivative of c**5/60 + 5*c**4/8 + 25*c**3/6 - 33*c**2. What is the remainder when k(g) is divided by 15?
10
Suppose r + 4*y = 26, -72*y + 77*y = -25. Calculate the remainder when 2206 is divided by r.
44
Let c = 655 + -603. What is the remainder when (408/9)/(c/12 - 4) is divided by 20?
16
Let n = 8 - -6. Calculate the remainder when n is divided by -26 + 46 - (3 - -3).
0
Suppose 2 = -0*x + x. Let k(g) = 2*g**3 - 4*g**2 + 4*g - 3. Suppose 0 = 480*r - 465*r - 360. What is the remainder when r is divided by k(x)?
4
Let j(o) = -o**2 - 24*o + 39. Let r be j(-38). Let h = -461 - r. Calculate the remainder when h is divided by 9.
5
Suppose -2*b - d + 35 = b, -4*d = -b - 10. Let g be (-4)/b + (-1804)/(-110). Suppose g*h - 108 = 10*h. What is the remainder when 49 is divided by h?
13
Let k be 4/(-3)*(-7)/((-28)/12). Let h be 4 - 0*(k - -5). Suppose 0 = -h*r + 13 + 47. What is the remainder when 87 is divided by r?
12
Let j(r) be the first derivative of 2*r**3/3 - 31*r**2/2 - 17*r + 34. Calculate the remainder when j(17) is divided by 18.
16
Suppose 26*u - 6050 = 2393 - 1137. Calculate the remainder when u is divided by 71.
68
Let t = -392 + 395. Suppose 3*g - 7*g + 96 = t*o, -5*o + g = -183. What is the remainder when 143 is divided by o?
35
Let r be (-2 - 16)*(-2)/6. Calculate the remainder when 262 is divided by 36/r + -5 + 11.
10
Let a be (7 + 1)*9/((-54)/(-15)). Suppose 8*r - a = 60. Calculate the remainder when 34 is divided by r.
4
Let r(b) = b**3 + 11*b**2 - 4*b - 16. Suppose 6*t + 4*t - 190 = 0. Suppose t*m - 200 = -6*m. What is the remainder when r(-11) is divided by m?
4
Let g(d) = -d**3 - 16*d**2 - 17*d - 25. Let n(f) = f**2 + 11*f + 13. Let u be n(-4). What is the remainder when 43 is divided by g(u)?
3
Let s = -211 - -304. Suppose -4*r + 99 = -37. What is the remainder when s is divided by r?
25
Calculate the remainder when 1351 is divided by (-8 + -18)*(-1 - (-22)/(-4)).
168
Let y(x) = x**3 + 13*x**2 + 26*x - 69. What is the remainder when y(-6) is divided by 20?
7
Let o be (1406/296)/((-2)/(-16)). Let a = o + -11. What is the remainder when 401 is divided by a?
23
Suppose 41*z - 3718 = 19*z. Calculate the remainder when 30925 is divided by z.
167
Suppose 5*u - 11 - 9 = 0. Let m = -33 + 37. Suppose 5*s + 3*w - 42 = 0, 0 = 4*s - w + m*w - 36. What is the remainder when s is divided by u?
2
Let o = 301 - 73. Suppose -130*i = -134*i + o. Calculate the remainder when 108 is divided by i.
51
What is the remainder when ((-18732)/60 + 11)*-5 is divided by 304?
290
Suppose 369*m = 381*m - 3032 + 632. Suppose 2 = -4*a + 118. Calculate the remainder when m is divided by a.
26
Let i(a) = 183*a**2 - 17*a - 1. Let z be i(-3). Let m = 2624 - z. Calculate the remainder when m is divided by 32.
31
What is the remainder when 10/(-6) - 116137/(-987) is divided by 115?
1
Suppose -2*b - q - 44 = -142, -2*q - 126 = -3*b. What is the remainder when 2299 is divided by b?
45
Suppose -4*g = -5*d + 278 + 38, -d + 2*g + 68 = 0. Calculate the remainder when d is divided by 31.
29
Let z be -480*(8 - (-90)/(-12)). Calculate the remainder when 114 is divided by (2/(-3))/(4/z).
34
Let r(k) = -19*k - 57. Suppose -n - 18 = -7. What is the remainder when r(n) is divided by 14?
12
Let o = -2856 + 2891. Calculate the remainder when 239 is divided by o.
29
Suppose -46*u + 39*u = -28. Suppose 0 = 3*c - 6*c + u*s + 180, 240 = 4*c - 2*s. Calculate the remainder when c is divided by 18.
6
Let u(n) = n**3 - 11*n**2 + 11*n - 7. Let c be u(10). Suppose -c*r + 1529 = 5*f, 3*r = 4*f - 2*f - 620. What is the remainder when f is divided by 28?
27
Suppose -42*j + 43*j + 8 = -4*b, -2*b + 18 = -5*j. Calculate the remainder when j + (-5 + 3 - -1 - -154) is divided by 12.
5
Suppose 58 = c - 4*h, -105 = -3*c - h + 17. Let d = -10 - 12. Calculate the remainder when c is divided by (30/8)/(d/(-88)).
12
Suppose g + h = 85, 35*g + 171 = 37*g + 3*h. Suppose -12 = -t - 4. What is the remainder when g is divided by t?
4
Suppose -761645 - 698741 = -245*l + 54*l. Calculate the remainder when l is divided by 18.
14
Calculate the remainder when 171 is divided by 35/(-28)*(-324)/9.
36
Suppose -4*d - 40 = 2*c, 2*d + 13*c - 15*